 - s = -5*r - 69. Calculate the remainder when ((-62)/3)/((-6)/9) is divided by v.
7
Let l = -3 - -4. Suppose -5*o + 24 = -m, 4*o - 5 = -3*m - l. Suppose -n - 30*n = -403. What is the remainder when n is divided by o?
1
Suppose -70 - 135 = -5*g. Let a be (-56)/(-3)*105/140. Calculate the remainder when g is divided by 35/a*44/10.
8
Let l = -556 - -1189. Let z = l + -271. What is the remainder when z is divided by 26?
24
Let i be 2/(2*3) - 625/(-15). Suppose -14*d = i - 182. What is the remainder when (-19)/(-4)*2*2 is divided by d?
9
Let a = 21621 - 18900. What is the remainder when a is divided by 76?
61
Let g = -9365 - -11308. Calculate the remainder when g is divided by 215.
8
Calculate the remainder when (22/(-1))/(2/(-11)) is divided by (322/24 - 2/(-4)) + 1/12.
9
Let r = 1822 - 1740. Calculate the remainder when r is divided by 15.
7
Suppose -3*n - 15 = 0, 5*n + 3 = -s + 9. Let a(d) = -7*d + 73. Let q be a(-13). Suppose -q*h = -167*h + 54. What is the remainder when s is divided by h?
13
Suppose 17096 = -39*s + 102701. Calculate the remainder when s is divided by 61.
60
Let p(z) = z**2 + 16*z + 55. Let h be p(-5). Suppose h = 2*g + 3*s - 36, 0*g + 3*g - 57 = -3*s. Calculate the remainder when 2/9 + 1614/27 is divided by g.
18
Let z = 24492 + -24237. Let g(k) = 4*k**3. What is the remainder when z is divided by g(2)?
31
Suppose 465 = 35*z - 20*z. Suppose -z*x + 336 = -17*x. What is the remainder when 165 is divided by x?
21
Suppose 0 = n + n - 44. Suppose -7*i = -39 - 10. Suppose -98 = -i*q - 7. Calculate the remainder when n is divided by q.
9
Let l = 12335 + -12292. What is the remainder when 4342 is divided by l?
42
Suppose 4*b - 2*t - 405 - 129 = 0, 4*b - 549 = -t. What is the remainder when b is divided by (0 - (-3)/(-4))/(-19 - (-102729)/5412)?
13
Let f(m) = -4*m + 27. Suppose -5*p + 4*p = -6. Let c be f(p). Calculate the remainder when 40 is divided by 11*(-5)/(-2 - c).
7
What is the remainder when (57/2)/(-17 + 59501/3496) is divided by 35?
9
Let k = -87 - -101. Let i(l) = -l**3 + l**2 - l - 1. Let c be i(0). What is the remainder when (c + -6)*-8 + -3 is divided by k?
11
Suppose -5*a - 4*p = -380, 2*a = -a + p + 211. Let z = a + -118. Let x = 56 + z. Calculate the remainder when 29 is divided by x.
9
Suppose -5*u - 30 = -3*t, 35*u - 31*u = 3*t - 36. What is the remainder when 591 is divided by t?
11
Suppose -4*j = -a - 2 - 0, -2*a - 4 = -3*j. Let y be ((-1)/a)/((-6)/(-132)). Suppose c - 20 - y = 0. What is the remainder when c is divided by 8?
7
Let y be 1*4*(-130)/(-104). Suppose -13 = -5*c + y*i + 67, c - 7 = 4*i. What is the remainder when 86 is divided by c?
10
Let x = 8183 + -3460. Calculate the remainder when x is divided by 175.
173
Let m = 4624 + -4543. What is the remainder when 115 is divided by m?
34
Let t be (-17 - -5)*47/(-4). Suppose q - t = -2*q. Suppose 5*w + l = 49, 39*w = 44*w - 5*l - 55. What is the remainder when q is divided by w?
7
Let a(l) = l + 7. Let i be (-1 + -5)/((-9)/(-6))*1. Let c be a(i). What is the remainder when ((-24)/40)/(c/(-120)) is divided by 9?
6
Suppose -26*h - 20 = -24*h - c, -5*h - 5*c = 50. Let y(r) = r**2 - 3*r - 114. Calculate the remainder when 79 is divided by y(h).
15
Suppose 5*x = 33 - 8, 0 = -5*v - 2*x + 20. Let i be (-69)/v*(-12)/18. Let r = i - -20. What is the remainder when 84 is divided by r?
41
Let u(f) = 3*f + 11. Let h be u(3). Suppose 0 = 4*m + h, -5*p - 25 = -10*p + 2*m. Suppose 4*r - 15 = p*r. Calculate the remainder when 55 is divided by r.
10
Suppose 33*u + 19*u - 629484 = 98828. Calculate the remainder when u is divided by 23.
22
Let q be (-6*12/27)/((-10)/15). Suppose 3*k - 85 = q*v, 3 = k + 2*v - 12. What is the remainder when 408 is divided by k?
17
Let u(q) = q**3 - 22*q**2 + 39*q + 55. Calculate the remainder when 384 is divided by u(20).
34
Let s = 465 + -461. Suppose b + 378 = s*d, 3*b = 2*d + 4*b - 192. Calculate the remainder when d is divided by 21.
11
Suppose 101*g - 97*g + 10464 = 0. What is the remainder when 6/(-21) + g/(-42) + -5 is divided by 38?
19
Let z(x) be the third derivative of -x**6/120 + x**5/4 + 5*x**4/3 - 59*x**3/6 - 135*x**2. Calculate the remainder when 168 is divided by z(17).
39
Let b = 71 - 46. Let w = 23 + b. What is the remainder when w is divided by 17?
14
Calculate the remainder when 747 is divided by (-169344)/(-640) + 8/20.
217
Let p be 8 + (-951 - 7) + 0. Let a = -675 - p. What is the remainder when a is divided by 9?
5
Let j be 76/16 - (-1)/4*1. Suppose a - j*a = -20. Suppose -156 - 10 = -4*q - 5*p, 0 = -p + 2. Calculate the remainder when q is divided by a.
4
Suppose 12 = u + u. Let s = 45218 + -45115. Calculate the remainder when s is divided by (58/u + -1)*3.
25
Suppose 7*p - 3*p = 48. Suppose -24*f = -p*f - 864. Calculate the remainder when f is divided by 21.
9
Let r(x) = -x**3 - 28*x**2 - 52*x + 34. Let t = -83 - -57. Calculate the remainder when 372 is divided by r(t).
32
Suppose -25*o - 2*t + 139 = -24*o, 3*o - 3*t - 471 = 0. Let z(a) = -a + 53. What is the remainder when o is divided by z(19)?
15
Suppose 0 = 61*o - 111*o + 9500. What is the remainder when 280 is divided by o?
90
Let v = 6 + -3. Suppose 0 = 3*p + 4*r - 7, v*p + 2*r - 35 = -2*p. Let m = -384 - -427. Calculate the remainder when m is divided by p.
7
Calculate the remainder when 700 is divided by (-26)/(-3)*(16 - (-464)/(-32)).
11
Suppose -78*a + 80*a - 4492 = -d, -3*d - 11263 = -5*a. What is the remainder when a is divided by 10?
9
Let q(v) = 144*v**2 - 1194*v + 3569. What is the remainder when q(3) is divided by 31?
12
Suppose 645 = -16*o + 1781. Calculate the remainder when 702 is divided by o.
63
Suppose 0 = -8*y + 71 + 241. Let i(n) = -n**2 + 38*n + 4. What is the remainder when i(4) is divided by y?
23
Suppose 88*d - 87*d - 1 = 0, 0 = -2*z + 4*d + 952. Calculate the remainder when z is divided by 28.
2
Let z(o) = 9*o - 19. Let s = -2 + 8. Let p be z(s). Let w = -25 + p. Calculate the remainder when 48 is divided by w.
8
Suppose -8*y - 36 = 20. Let g be 0 + 1 + 44 - (10 + y). Suppose -18*m + 20*m = g. What is the remainder when 62 is divided by m?
20
Let z = 427 - 417. Suppose -6*s - 612 = -z*s. Calculate the remainder when s is divided by 52.
49
Let x be 2/(-4)*(0/(-7) + 0). Suppose x = -2*b + 35 + 155. Calculate the remainder when b is divided by 48.
47
Let x be 7*(-5)/(1 - -4). Let l = x - -81. Let h(d) = -d**3 + 11*d**2 - 7*d - 11. What is the remainder when l is divided by h(10)?
17
Let a = 229 - 215. Let n(z) = -z**2 + 21*z - 78. What is the remainder when n(a) is divided by 9?
2
Calculate the remainder when 10/6*157290/2675 is divided by 33.
32
Let a = 156 + -109. Suppose 306 = 8*n + 10*n. Calculate the remainder when a is divided by n.
13
Let l(y) = 3*y**3 - 10*y**2 - 12*y + 8. Suppose 0 = -2*z + 18 + 14. Suppose z + 22 = h. Calculate the remainder when l(5) is divided by h.
35
Calculate the remainder when (-5 + 1 - -5) + ((-307)/(-1) - -5) is divided by 42.
19
Calculate the remainder when 4 - (12/(-102) - 1542*(-124)/(-68)) is divided by 216.
8
Suppose -21*k = 11*k + 384. Let f(j) = -j + 23. Calculate the remainder when 96 is divided by f(k).
26
Suppose -5*z = -2*q + 10873 + 1043, -8 = 4*z. Calculate the remainder when q is divided by 89.
79
Let j = -1401 + 1483. What is the remainder when 490 is divided by j?
80
Let m(g) = -g**2 - 11*g + 104. What is the remainder when 452 is divided by m(-10)?
110
Let q(v) = -v**3 - 4*v**2 + 9. Let i be q(-3). Suppose i = -5*y - 51 + 196. What is the remainder when y is divided by 10?
9
Calculate the remainder when (-9678690)/(-1680) - (-2)/(-16) is divided by 93.
88
Suppose z = -5*m + 104, -16*z + 19*z = -2*m + 312. What is the remainder when 419 is divided by z?
3
Suppose -4*c + 367 = i, 6*c - 553 = -4*i + 3*i. Calculate the remainder when c is divided by 22.
5
Let t = -88429 + 88434. Let l be (-2 + (-1 - -2))*3. Calculate the remainder when ((-6)/2)/(l/10) is divided by t.
0
What is the remainder when 403 is divided by (-4)/12 - 7/(21/(-88))?
26
Let o = 0 - -7. Let q(u) = -10*u + 159. Let f be q(-18). Let k = f - 316. Calculate the remainder when k is divided by o.
2
Calculate the remainder when 63039/51 + (-12)/(-30 - -234) is divided by 65.
1
Let u(f) = -2*f**3 - 11*f**2 - 3*f + 10. Let b be u(-7